{"id":17,"date":"2025-01-15T22:03:10","date_gmt":"2025-01-15T21:03:10","guid":{"rendered":"https:\/\/www.kilaomsorg.se\/?page_id=17"},"modified":"2026-07-09T22:30:53","modified_gmt":"2026-07-09T20:30:53","slug":"tillstand-agare","status":"publish","type":"page","link":"https:\/\/www.kilaomsorg.se\/index.php\/tillstand-agare\/","title":{"rendered":"Tillst\u00e5nd &amp; \u00c4gare"},"content":{"rendered":"\n<h2 class=\"wp-block-heading\"><strong>TILLST\u00c5ND<\/strong><\/h2>\n\n\n\n<p class=\"wp-block-paragraph\">Inspektionen f\u00f6r V\u00e5rd och Omsorg (IVO) har beviljat tillst\u00e5nd till Kila Omsorg AB, org.nr. 559476-0505 att bedriva HVB-verksamhet , enligt Socialtj\u00e4nstlagen (2025:400).<\/p>\n\n\n\n<p class=\"wp-block-paragraph\"><\/p>\n\n\n\n<h2 class=\"wp-block-heading\"><strong>\u00c4GARE OCH LEDNING<\/strong><\/h2>\n\n\n\n<div class=\"wp-block-media-text is-stacked-on-mobile\" style=\"grid-template-columns:25% auto\"><figure class=\"wp-block-media-text__media\"><img loading=\"lazy\" decoding=\"async\" width=\"300\" height=\"300\" src=\"https:\/\/www.kilaomsorg.se\/wp-content\/uploads\/2025\/01\/Manlig-profilbild-300x300.jpg\" alt=\"\" class=\"wp-image-23 size-medium\" srcset=\"https:\/\/www.kilaomsorg.se\/wp-content\/uploads\/2025\/01\/Manlig-profilbild-300x300.jpg 300w, https:\/\/www.kilaomsorg.se\/wp-content\/uploads\/2025\/01\/Manlig-profilbild-150x150.jpg 150w, https:\/\/www.kilaomsorg.se\/wp-content\/uploads\/2025\/01\/Manlig-profilbild-100x100.jpg 100w, https:\/\/www.kilaomsorg.se\/wp-content\/uploads\/2025\/01\/Manlig-profilbild-60x60.jpg 60w, https:\/\/www.kilaomsorg.se\/wp-content\/uploads\/2025\/01\/Manlig-profilbild.jpg 429w\" sizes=\"auto, (max-width: 300px) 100vw, 300px\" \/><\/figure><div class=\"wp-block-media-text__content\">\n<p class=\"wp-block-paragraph\" style=\"font-size:17px\">Milad Isa \u00e4r \u00e4gare och styrelseordf\u00f6rande i Kila Omsorg AB och har en gedigen bakgrund inom omsorg, personlig assistans och daglig verksamhet.<\/p>\n\n\n\n<p class=\"wp-block-paragraph\">E-post: <a href=\"mailto:milad@kilaomsorg.se\">milad@kilaomsorg.se<\/a><br>Tel: 073-032 02 90<\/p>\n<\/div><\/div>\n\n\n\n<div class=\"wp-block-media-text is-stacked-on-mobile\" style=\"grid-template-columns:25% auto\"><figure class=\"wp-block-media-text__media\"><img loading=\"lazy\" decoding=\"async\" width=\"429\" height=\"430\" src=\"https:\/\/www.kilaomsorg.se\/wp-content\/uploads\/2025\/01\/Manlig-profilbild.jpg\" alt=\"\" class=\"wp-image-23 size-medium\" srcset=\"https:\/\/www.kilaomsorg.se\/wp-content\/uploads\/2025\/01\/Manlig-profilbild.jpg 429w, https:\/\/www.kilaomsorg.se\/wp-content\/uploads\/2025\/01\/Manlig-profilbild-300x300.jpg 300w, https:\/\/www.kilaomsorg.se\/wp-content\/uploads\/2025\/01\/Manlig-profilbild-150x150.jpg 150w, https:\/\/www.kilaomsorg.se\/wp-content\/uploads\/2025\/01\/Manlig-profilbild-100x100.jpg 100w, https:\/\/www.kilaomsorg.se\/wp-content\/uploads\/2025\/01\/Manlig-profilbild-60x60.jpg 60w\" sizes=\"auto, (max-width: 429px) 100vw, 429px\" \/><\/figure><div class=\"wp-block-media-text__content\">\n<p class=\"wp-block-paragraph\">Magnus Ohlson \u00e4r verksamhetschef i Kila Omsorg AB och har v\u00e4ldokumenterad erfarenhet fr\u00e5n ledningsuppdrag inom behandlingshem, HVB samt skyddat boende\/st\u00f6dboende. Magnus \u00e4r utbildad socionom  och har arbetat som f\u00f6rest\u00e5ndare och verksamhetschef i en rad verksamheter som omfattas av socialtj\u00e4nstlagens ansvarsomr\u00e5den.<\/p>\n\n\n\n<p class=\"wp-block-paragraph\">E-post: <a href=\"mailto:magnus@kilaomsorg.se\">magnus@kilaomsorg.se<\/a><br>Tel: 070-583 70 42<\/p>\n<\/div><\/div>\n\n\n\n<div class=\"wp-block-media-text is-stacked-on-mobile\" style=\"grid-template-columns:25% auto\"><figure class=\"wp-block-media-text__media\"><img loading=\"lazy\" decoding=\"async\" width=\"417\" height=\"418\" src=\"https:\/\/www.kilaomsorg.se\/wp-content\/uploads\/2025\/01\/Kvinnlig-profilbild-1.jpg\" alt=\"\" class=\"wp-image-25 size-full\" srcset=\"https:\/\/www.kilaomsorg.se\/wp-content\/uploads\/2025\/01\/Kvinnlig-profilbild-1.jpg 417w, https:\/\/www.kilaomsorg.se\/wp-content\/uploads\/2025\/01\/Kvinnlig-profilbild-1-300x300.jpg 300w, https:\/\/www.kilaomsorg.se\/wp-content\/uploads\/2025\/01\/Kvinnlig-profilbild-1-150x150.jpg 150w, https:\/\/www.kilaomsorg.se\/wp-content\/uploads\/2025\/01\/Kvinnlig-profilbild-1-100x100.jpg 100w, https:\/\/www.kilaomsorg.se\/wp-content\/uploads\/2025\/01\/Kvinnlig-profilbild-1-60x60.jpg 60w\" sizes=\"auto, (max-width: 417px) 100vw, 417px\" \/><\/figure><div class=\"wp-block-media-text__content\">\n<p class=\"wp-block-paragraph\">Anette Lamell \u00e4r bitr\u00e4dande verksamhetschef samt placeringsansvarig i Kila Omsorg AB och har f\u00f6rutom erfarenhet fr\u00e5n omsorgssektorn i form av ledningsuppdrag inom personlig assistans samt arbete inom BMSS gruppbost\u00e4der\/servicebost\u00e4der, \u00e4ven arbetat som vd inom privata n\u00e4ringslivet.<\/p>\n\n\n\n<p class=\"wp-block-paragraph\">E-post: <a href=\"mailto:anette@kilaomsorg.se\">anette@kilaomsorg.se<\/a><br>Tel: 070-843 00 34<\/p>\n\n\n\n<p class=\"wp-block-paragraph\"><\/p>\n<\/div><\/div>\n\n\n\n<p class=\"wp-block-paragraph\"><br><\/p>\n\n\n\n<h2 class=\"wp-block-heading\">Integritetspolicy<\/h2>\n\n\n\n<p class=\"wp-block-paragraph\">Kila Omsorg AB v\u00e4rnar om v\u00e5ra klienters integritet och du kan via l\u00e4nken ta del av v\u00e5r <a href=\"https:\/\/www.kilaomsorg.se\/wp-content\/uploads\/2026\/06\/Integritetspolicy-Webbversion-for-Kila-omsorg-1.pdf\">Integritetspolicy<\/a>.<\/p>\n\n\n\n<h2 class=\"wp-block-heading\">Finansiell information<\/h2>\n\n\n\n<p class=\"wp-block-paragraph\">Du finner fakta om Kila Omsorg AB hos den oberoende sajten <a href=\"https:\/\/www.allabolag.se\/foretag\/kila-omsorg-ab\/%C3%B6rebro\/omv%C3%A5rdnad-och-omsorg\/2KIZ4U1I63IJQ\">allabolag.se<\/a><\/p>\n\n\n\n<p class=\"wp-block-paragraph\">V\u00e5r verksamhet i Kila har kapacitet f\u00f6r inneboende 11 klienter och kommer vid full bel\u00e4ggning att ha ca 10 medarbetare anst\u00e4llda och en uppskattad oms\u00e4ttning p\u00e5 ca 9,5 mkr.<\/p>\n","protected":false},"excerpt":{"rendered":"<p>TILLST\u00c5ND Inspektionen f\u00f6r V\u00e5rd och Omsorg (IVO) har beviljat tillst\u00e5nd till Kila Omsorg AB, org.nr. 559476-0505 att bedriva HVB-verksamhet , &hellip; <a href=\"https:\/\/www.kilaomsorg.se\/index.php\/tillstand-agare\/\" class=\"more-link\"><span class=\"more-button\">L\u00e4s mer<span class=\"screen-reader-text\">Tillst\u00e5nd &amp; \u00c4gare<\/span><\/span><\/a><\/p>\n","protected":false},"author":1,"featured_media":0,"parent":0,"menu_order":0,"comment_status":"closed","ping_status":"closed","template":"","meta":{"footnotes":""},"class_list":["post-17","page","type-page","status-publish","hentry"],"_links":{"self":[{"href":"https:\/\/www.kilaomsorg.se\/index.php\/wp-json\/wp\/v2\/pages\/17","targetHints":{"allow":["GET"]}}],"collection":[{"href":"https:\/\/www.kilaomsorg.se\/index.php\/wp-json\/wp\/v2\/pages"}],"about":[{"href":"https:\/\/www.kilaomsorg.se\/index.php\/wp-json\/wp\/v2\/types\/page"}],"author":[{"embeddable":true,"href":"https:\/\/www.kilaomsorg.se\/index.php\/wp-json\/wp\/v2\/users\/1"}],"replies":[{"embeddable":true,"href":"https:\/\/www.kilaomsorg.se\/index.php\/wp-json\/wp\/v2\/comments?post=17"}],"version-history":[{"count":23,"href":"https:\/\/www.kilaomsorg.se\/index.php\/wp-json\/wp\/v2\/pages\/17\/revisions"}],"predecessor-version":[{"id":317,"href":"https:\/\/www.kilaomsorg.se\/index.php\/wp-json\/wp\/v2\/pages\/17\/revisions\/317"}],"wp:attachment":[{"href":"https:\/\/www.kilaomsorg.se\/index.php\/wp-json\/wp\/v2\/media?parent=17"}],"curies":[{"name":"wp","href":"https:\/\/api.w.org\/{rel}","templated":true}]}}

Tillstånd &amp; Ägare

<h2 class="wp-block-heading"><strong>TILLSTÅND</strong></h2>



<p class="wp-block-paragraph">Inspektionen för Vård och Omsorg (IVO) har beviljat tillstånd till Kila Omsorg AB, org.nr. 559476-0505 att bedriva HVB-verksamhet , enligt Socialtjänstlagen (2025:400).</p>



<p class="wp-block-paragraph"></p>



<h2 class="wp-block-heading"><strong>ÄGARE OCH LEDNING</strong></h2>



<div class="wp-block-media-text is-stacked-on-mobile" style="grid-template-columns:25% auto"><figure class="wp-block-media-text__media"><img loading="lazy" decoding="async" width="300" height="300" src="https://www.kilaomsorg.se/wp-content/uploads/2025/01/Manlig-profilbild-300x300.jpg" alt="" class="wp-image-23 size-medium" srcset="https://www.kilaomsorg.se/wp-content/uploads/2025/01/Manlig-profilbild-300x300.jpg 300w, https://www.kilaomsorg.se/wp-content/uploads/2025/01/Manlig-profilbild-150x150.jpg 150w, https://www.kilaomsorg.se/wp-content/uploads/2025/01/Manlig-profilbild-100x100.jpg 100w, https://www.kilaomsorg.se/wp-content/uploads/2025/01/Manlig-profilbild-60x60.jpg 60w, https://www.kilaomsorg.se/wp-content/uploads/2025/01/Manlig-profilbild.jpg 429w" sizes="auto, (max-width: 300px) 100vw, 300px" /></figure><div class="wp-block-media-text__content">
<p class="wp-block-paragraph" style="font-size:17px">Milad Isa är ägare och styrelseordförande i Kila Omsorg AB och har en gedigen bakgrund inom omsorg, personlig assistans och daglig verksamhet.</p>



<p class="wp-block-paragraph">E-post: <a href="mailto:milad@kilaomsorg.se">milad@kilaomsorg.se</a><br>Tel: 073-032 02 90</p>
</div></div>



<div class="wp-block-media-text is-stacked-on-mobile" style="grid-template-columns:25% auto"><figure class="wp-block-media-text__media"><img loading="lazy" decoding="async" width="429" height="430" src="https://www.kilaomsorg.se/wp-content/uploads/2025/01/Manlig-profilbild.jpg" alt="" class="wp-image-23 size-medium" srcset="https://www.kilaomsorg.se/wp-content/uploads/2025/01/Manlig-profilbild.jpg 429w, https://www.kilaomsorg.se/wp-content/uploads/2025/01/Manlig-profilbild-300x300.jpg 300w, https://www.kilaomsorg.se/wp-content/uploads/2025/01/Manlig-profilbild-150x150.jpg 150w, https://www.kilaomsorg.se/wp-content/uploads/2025/01/Manlig-profilbild-100x100.jpg 100w, https://www.kilaomsorg.se/wp-content/uploads/2025/01/Manlig-profilbild-60x60.jpg 60w" sizes="auto, (max-width: 429px) 100vw, 429px" /></figure><div class="wp-block-media-text__content">
<p class="wp-block-paragraph">Magnus Ohlson är verksamhetschef i Kila Omsorg AB och har väldokumenterad erfarenhet från ledningsuppdrag inom behandlingshem, HVB samt skyddat boende/stödboende. Magnus är utbildad socionom  och har arbetat som föreståndare och verksamhetschef i en rad verksamheter som omfattas av socialtjänstlagens ansvarsområden.</p>



<p class="wp-block-paragraph">E-post: <a href="mailto:magnus@kilaomsorg.se">magnus@kilaomsorg.se</a><br>Tel: 070-583 70 42</p>
</div></div>



<div class="wp-block-media-text is-stacked-on-mobile" style="grid-template-columns:25% auto"><figure class="wp-block-media-text__media"><img loading="lazy" decoding="async" width="417" height="418" src="https://www.kilaomsorg.se/wp-content/uploads/2025/01/Kvinnlig-profilbild-1.jpg" alt="" class="wp-image-25 size-full" srcset="https://www.kilaomsorg.se/wp-content/uploads/2025/01/Kvinnlig-profilbild-1.jpg 417w, https://www.kilaomsorg.se/wp-content/uploads/2025/01/Kvinnlig-profilbild-1-300x300.jpg 300w, https://www.kilaomsorg.se/wp-content/uploads/2025/01/Kvinnlig-profilbild-1-150x150.jpg 150w, https://www.kilaomsorg.se/wp-content/uploads/2025/01/Kvinnlig-profilbild-1-100x100.jpg 100w, https://www.kilaomsorg.se/wp-content/uploads/2025/01/Kvinnlig-profilbild-1-60x60.jpg 60w" sizes="auto, (max-width: 417px) 100vw, 417px" /></figure><div class="wp-block-media-text__content">
<p class="wp-block-paragraph">Anette Lamell är biträdande verksamhetschef samt placeringsansvarig i Kila Omsorg AB och har förutom erfarenhet från omsorgssektorn i form av ledningsuppdrag inom personlig assistans samt arbete inom BMSS gruppbostäder/servicebostäder, även arbetat som vd inom privata näringslivet.</p>



<p class="wp-block-paragraph">E-post: <a href="mailto:anette@kilaomsorg.se">anette@kilaomsorg.se</a><br>Tel: 070-843 00 34</p>



<p class="wp-block-paragraph"></p>
</div></div>



<p class="wp-block-paragraph"><br></p>



<h2 class="wp-block-heading">Integritetspolicy</h2>



<p class="wp-block-paragraph">Kila Omsorg AB värnar om våra klienters integritet och du kan via länken ta del av vår <a href="https://www.kilaomsorg.se/wp-content/uploads/2026/06/Integritetspolicy-Webbversion-for-Kila-omsorg-1.pdf">Integritetspolicy</a>.</p>



<h2 class="wp-block-heading">Finansiell information</h2>



<p class="wp-block-paragraph">Du finner fakta om Kila Omsorg AB hos den oberoende sajten <a href="https://www.allabolag.se/foretag/kila-omsorg-ab/%C3%B6rebro/omv%C3%A5rdnad-och-omsorg/2KIZ4U1I63IJQ">allabolag.se</a></p>



<p class="wp-block-paragraph">Vår verksamhet i Kila har kapacitet för inneboende 11 klienter och kommer vid full beläggning att ha ca 10 medarbetare anställda och en uppskattad omsättning på ca 9,5 mkr.</p>

<p>TILLSTÅND Inspektionen för Vård och Omsorg (IVO) har beviljat tillstånd till Kila Omsorg AB, org.nr. 559476-0505 att bedriva HVB-verksamhet , &hellip; <a href="https://www.kilaomsorg.se/index.php/tillstand-agare/" class="more-link"><span class="more-button">Läs mer<span class="screen-reader-text">Tillstånd &amp; Ägare</span></span></a></p>
