{"id":272,"date":"2026-06-29T13:04:02","date_gmt":"2026-06-29T11:04:02","guid":{"rendered":"https:\/\/www.kilaomsorg.se\/?page_id=272"},"modified":"2026-08-03T14:34:50","modified_gmt":"2026-08-03T12:34:50","slug":"verksamhetens-personal","status":"publish","type":"page","link":"https:\/\/www.kilaomsorg.se\/index.php\/om-oss\/verksamhetens-personal\/","title":{"rendered":"Verksamhetens personal"},"content":{"rendered":"\n<p class=\"wp-block-paragraph\">F\u00f6r att kunna erbjuda en h\u00f6gkvalitativ och s\u00e4ker v\u00e5rd st\u00e4ller vi h\u00f6ga krav p\u00e5 personalens formella kompetens, erfarenhet och personliga egenskaper. V\u00e5r rekryteringsfilosofi bygger p\u00e5 att skapa ett tv\u00e4rprofessionellt team d\u00e4r olika kompetenser kompletterar varandra f\u00f6r att m\u00f6ta m\u00e5lgruppens komplexa behov.<\/p>\n\n\n\n<p class=\"wp-block-paragraph\">Vi efterfr\u00e5gar personal med relevant eftergymnasial utbildning, s\u00e5som behandlingspedagog, socialpedagog, socionom eller beteendevetare, som ger en gedigen teoretisk grund i socialt arbete och m\u00e4nniskors beteende.&nbsp;<\/p>\n\n\n\n<p class=\"wp-block-paragraph\">Ut\u00f6ver formell utbildning \u00e4r relevant erfarenhet avg\u00f6rande. Vi s\u00f6ker personal som har dokumenterad erfarenhet av att arbeta med vuxna med missbruk och beroende, och s\u00e4rskilt meriterande \u00e4r erfarenhet av att arbeta med samsjuklighet.&nbsp;<\/p>\n\n\n\n<p class=\"wp-block-paragraph\">Stor vikt l\u00e4ggs vid personlig l\u00e4mplighet, vilket f\u00f6r oss inneb\u00e4r att individen \u00e4r trygg, stabil och har en god f\u00f6rm\u00e5ga till empati och relationsskapande. Ett professionellt f\u00f6rh\u00e5llningss\u00e4tt, t\u00e5lamod och f\u00f6rm\u00e5gan att hantera stressfyllda situationer p\u00e5 ett lugnt och konstruktivt s\u00e4tt \u00e4r grundl\u00e4ggande egenskaper.<\/p>\n\n\n\n<p class=\"wp-block-paragraph\">All personal som anst\u00e4lls ska ha god kunskap om de metoder som utg\u00f6r grunden i v\u00e5r behandling (KBT, MI, CRA) och vara villig att vidareutvecklas inom dessa. Inf\u00f6r varje anst\u00e4llning genomf\u00f6rs en noggrann rekryteringsprocess med intervjuer, referenstagning och kontroll mot Polisens misstanke- och belastningsregister.<\/p>\n\n\n\n<p class=\"wp-block-paragraph\">Givetvis erbjuder Kila Omsorg sin personal kollektivavtal och \u00e4r anslutna till V\u00e5rdf\u00f6retagarna\/Almega.<\/p>\n\n\n\n<figure class=\"wp-block-image size-large\"><img loading=\"lazy\" decoding=\"async\" width=\"1024\" height=\"584\" src=\"https:\/\/www.kilaomsorg.se\/wp-content\/uploads\/2026\/06\/Samtal-HVB-1-1024x584.jpg\" alt=\"\" class=\"wp-image-273\" srcset=\"https:\/\/www.kilaomsorg.se\/wp-content\/uploads\/2026\/06\/Samtal-HVB-1-1024x584.jpg 1024w, https:\/\/www.kilaomsorg.se\/wp-content\/uploads\/2026\/06\/Samtal-HVB-1-300x171.jpg 300w, https:\/\/www.kilaomsorg.se\/wp-content\/uploads\/2026\/06\/Samtal-HVB-1-768x438.jpg 768w, https:\/\/www.kilaomsorg.se\/wp-content\/uploads\/2026\/06\/Samtal-HVB-1-1536x876.jpg 1536w, https:\/\/www.kilaomsorg.se\/wp-content\/uploads\/2026\/06\/Samtal-HVB-1.jpg 1600w\" sizes=\"auto, (max-width: 1024px) 100vw, 1024px\" \/><\/figure>\n","protected":false},"excerpt":{"rendered":"<p>F\u00f6r att kunna erbjuda en h\u00f6gkvalitativ och s\u00e4ker v\u00e5rd st\u00e4ller vi h\u00f6ga krav p\u00e5 personalens formella kompetens, erfarenhet och personliga &hellip; <a href=\"https:\/\/www.kilaomsorg.se\/index.php\/om-oss\/verksamhetens-personal\/\" class=\"more-link\"><span class=\"more-button\">L\u00e4s mer<span class=\"screen-reader-text\">Verksamhetens personal<\/span><\/span><\/a><\/p>\n","protected":false},"author":1,"featured_media":0,"parent":16,"menu_order":0,"comment_status":"closed","ping_status":"closed","template":"","meta":{"footnotes":""},"class_list":["post-272","page","type-page","status-publish","hentry"],"_links":{"self":[{"href":"https:\/\/www.kilaomsorg.se\/index.php\/wp-json\/wp\/v2\/pages\/272","targetHints":{"allow":["GET"]}}],"collection":[{"href":"https:\/\/www.kilaomsorg.se\/index.php\/wp-json\/wp\/v2\/pages"}],"about":[{"href":"https:\/\/www.kilaomsorg.se\/index.php\/wp-json\/wp\/v2\/types\/page"}],"author":[{"embeddable":true,"href":"https:\/\/www.kilaomsorg.se\/index.php\/wp-json\/wp\/v2\/users\/1"}],"replies":[{"embeddable":true,"href":"https:\/\/www.kilaomsorg.se\/index.php\/wp-json\/wp\/v2\/comments?post=272"}],"version-history":[{"count":4,"href":"https:\/\/www.kilaomsorg.se\/index.php\/wp-json\/wp\/v2\/pages\/272\/revisions"}],"predecessor-version":[{"id":329,"href":"https:\/\/www.kilaomsorg.se\/index.php\/wp-json\/wp\/v2\/pages\/272\/revisions\/329"}],"up":[{"embeddable":true,"href":"https:\/\/www.kilaomsorg.se\/index.php\/wp-json\/wp\/v2\/pages\/16"}],"wp:attachment":[{"href":"https:\/\/www.kilaomsorg.se\/index.php\/wp-json\/wp\/v2\/media?parent=272"}],"curies":[{"name":"wp","href":"https:\/\/api.w.org\/{rel}","templated":true}]}}

<p class="wp-block-paragraph">För att kunna erbjuda en högkvalitativ och säker vård ställer vi höga krav på personalens formella kompetens, erfarenhet och personliga egenskaper. Vår rekryteringsfilosofi bygger på att skapa ett tvärprofessionellt team där olika kompetenser kompletterar varandra för att möta målgruppens komplexa behov.</p>



<p class="wp-block-paragraph">Vi efterfrågar personal med relevant eftergymnasial utbildning, såsom behandlingspedagog, socialpedagog, socionom eller beteendevetare, som ger en gedigen teoretisk grund i socialt arbete och människors beteende.&nbsp;</p>



<p class="wp-block-paragraph">Utöver formell utbildning är relevant erfarenhet avgörande. Vi söker personal som har dokumenterad erfarenhet av att arbeta med vuxna med missbruk och beroende, och särskilt meriterande är erfarenhet av att arbeta med samsjuklighet.&nbsp;</p>



<p class="wp-block-paragraph">Stor vikt läggs vid personlig lämplighet, vilket för oss innebär att individen är trygg, stabil och har en god förmåga till empati och relationsskapande. Ett professionellt förhållningssätt, tålamod och förmågan att hantera stressfyllda situationer på ett lugnt och konstruktivt sätt är grundläggande egenskaper.</p>



<p class="wp-block-paragraph">All personal som anställs ska ha god kunskap om de metoder som utgör grunden i vår behandling (KBT, MI, CRA) och vara villig att vidareutvecklas inom dessa. Inför varje anställning genomförs en noggrann rekryteringsprocess med intervjuer, referenstagning och kontroll mot Polisens misstanke- och belastningsregister.</p>



<p class="wp-block-paragraph">Givetvis erbjuder Kila Omsorg sin personal kollektivavtal och är anslutna till Vårdföretagarna/Almega.</p>



<figure class="wp-block-image size-large"><img loading="lazy" decoding="async" width="1024" height="584" src="https://www.kilaomsorg.se/wp-content/uploads/2026/06/Samtal-HVB-1-1024x584.jpg" alt="" class="wp-image-273" srcset="https://www.kilaomsorg.se/wp-content/uploads/2026/06/Samtal-HVB-1-1024x584.jpg 1024w, https://www.kilaomsorg.se/wp-content/uploads/2026/06/Samtal-HVB-1-300x171.jpg 300w, https://www.kilaomsorg.se/wp-content/uploads/2026/06/Samtal-HVB-1-768x438.jpg 768w, https://www.kilaomsorg.se/wp-content/uploads/2026/06/Samtal-HVB-1-1536x876.jpg 1536w, https://www.kilaomsorg.se/wp-content/uploads/2026/06/Samtal-HVB-1.jpg 1600w" sizes="auto, (max-width: 1024px) 100vw, 1024px" /></figure>

<p>För att kunna erbjuda en högkvalitativ och säker vård ställer vi höga krav på personalens formella kompetens, erfarenhet och personliga &hellip; <a href="https://www.kilaomsorg.se/index.php/om-oss/verksamhetens-personal/" class="more-link"><span class="more-button">Läs mer<span class="screen-reader-text">Verksamhetens personal</span></span></a></p>
